eatest common divisor of 5 and 5120.
5
Calculate the highest common factor of 14 and 889.
7
Calculate the highest common divisor of 238 and 136.
34
What is the greatest common factor of 69 and 253?
23
Calculate the highest common divisor of 17 and 1037.
17
Calculate the highest common divisor of 51 and 1343.
17
What is the greatest common factor of 84568 and 22?
22
What is the greatest common divisor of 348 and 2523?
87
What is the highest common factor of 44 and 2948?
44
What is the greatest common divisor of 41 and 2911?
41
Calculate the highest common factor of 1541 and 23.
23
What is the greatest common divisor of 90 and 90?
90
What is the highest common factor of 388 and 4947?
97
What is the greatest common factor of 273 and 78?
39
What is the greatest common divisor of 47 and 9071?
47
Calculate the highest common divisor of 40 and 3240.
40
What is the greatest common divisor of 412 and 7622?
206
Calculate the highest common divisor of 9644 and 4.
4
What is the highest common factor of 78 and 2613?
39
Calculate the highest common divisor of 29 and 87.
29
Calculate the highest common factor of 11 and 198.
11
What is the highest common factor of 30 and 110?
10
Calculate the highest common divisor of 7961 and 19.
19
Calculate the highest common factor of 10807 and 107.
107
What is the highest common divisor of 153 and 3128?
17
What is the greatest common divisor of 32929 and 221?
221
Calculate the greatest common divisor of 40 and 310.
10
What is the greatest common divisor of 2150 and 344?
86
What is the highest common divisor of 204 and 5610?
102
Calculate the highest common divisor of 4 and 1844.
4
What is the highest common divisor of 14 and 15036?
14
Calculate the greatest common factor of 33 and 286.
11
Calculate the highest common divisor of 196 and 560.
28
Calculate the greatest common divisor of 1386 and 12.
6
What is the greatest common factor of 1230 and 45?
15
Calculate the highest common divisor of 158 and 2.
2
Calculate the highest common divisor of 4102 and 28.
14
What is the greatest common divisor of 9422 and 14?
14
What is the highest common factor of 430 and 16?
2
Calculate the highest common divisor of 13 and 117.
13
Calculate the highest common factor of 7 and 2.
1
Calculate the greatest common divisor of 18 and 222.
6
What is the greatest common divisor of 37 and 629?
37
Calculate the greatest common factor of 43 and 44333.
43
Calculate the highest common divisor of 215 and 6622.
43
Calculate the greatest common divisor of 1734 and 6.
6
What is the highest common factor of 135 and 120?
15
Calculate the highest common factor of 101832 and 24.
24
What is the greatest common factor of 33 and 18?
3
What is the greatest common divisor of 1524 and 7874?
254
Calculate the highest common divisor of 539 and 294.
49
Calculate the greatest common factor of 336 and 6384.
336
Calculate the greatest common factor of 550 and 22.
22
Calculate the greatest common divisor of 1440 and 128.
32
Calculate the greatest common divisor of 4698 and 58.
58
Calculate the greatest common factor of 84 and 876.
12
Calculate the highest common factor of 189 and 5022.
27
What is the greatest common factor of 52 and 11596?
52
What is the highest common factor of 12 and 132?
12
Calculate the greatest common divisor of 20 and 20.
20
Calculate the greatest common factor of 8364 and 205.
41
Calculate the greatest common divisor of 100 and 220.
20
Calculate the greatest common divisor of 20 and 20.
20
Calculate the highest common divisor of 110 and 220.
110
Calculate the highest common factor of 36 and 639.
9
Calculate the greatest common divisor of 4 and 314.
2
Calculate the greatest common divisor of 76 and 16.
4
Calculate the highest common divisor of 32 and 5296.
16
What is the highest common divisor of 7 and 15127?
7
Calculate the greatest common factor of 2222 and 88.
22
Calculate the greatest common factor of 72 and 936.
72
Calculate the greatest common divisor of 54420 and 24.
12
What is the greatest common factor of 19 and 19?
19
What is the greatest common factor of 27 and 63?
9
Calculate the greatest common divisor of 693 and 154.
77
Calculate the highest common divisor of 52 and 7449.
13
What is the highest common factor of 13 and 13?
13
What is the highest common divisor of 1577 and 342?
19
What is the greatest common divisor of 5268 and 108?
12
What is the highest common factor of 4923 and 198?
9
What is the highest common divisor of 64429 and 19?
19
Calculate the highest common factor of 2299 and 1292.
19
What is the greatest common factor of 96 and 12?
12
Calculate the greatest common divisor of 1141 and 489.
163
What is the greatest common divisor of 3784 and 55?
11
Calculate the highest common factor of 80 and 220.
20
What is the greatest common factor of 1536 and 5888?
256
Calculate the greatest common factor of 414 and 3438.
18
What is the highest common factor of 408 and 748?
68
Calculate the greatest common divisor of 4760 and 102.
34
What is the greatest common factor of 8424 and 104?
104
Calculate the greatest common factor of 31932 and 180.
36
What is the greatest common divisor of 1183 and 39?
13
Calculate the highest common factor of 195 and 39.
39
Calculate the greatest common factor of 20 and 625.
5
Calculate the highest common factor of 166 and 86.
2
Calculate the highest common divisor of 270 and 54.
54
What is the greatest common factor of 13 and 2119?
13
Calculate the highest common factor of 29 and 13253.
29
What is the highest common factor of 4136 and 88?
88
What is the highest common divisor of 38 and 60572?
38
Calculate the greatest common factor of 46 and 9637.
23
Calculate the highest common factor of 322 and 92.
46
What is the highest common factor of 228 and 3800?
76
Calculate the greatest common divisor of 594 and 486.
54
What is the highest common divisor of 83 and 7387?
83
Calculate the highest common divisor of 25 and 9255.
5
What is the highest common divisor of 194 and 15229?
97
Calculate the greatest common factor of 10125 and 125.
125
What is the highest common divisor of 3336 and 24?
24
What is the highest common divisor of 16 and 36?
4
Calculate the greatest common divisor of 5562 and 135.
27
Calculate the greatest common factor of 25 and 800.
25
What is the highest common divisor of 35 and 4480?
35
What is the highest common divisor of 76 and 12?
4
Calculate the greatest common factor of 20 and 8630.
10
Calculate the greatest common divisor of 54 and 450.
18
Calculate the highest common divisor of 33 and 60951.
33
What is the greatest common divisor of 39 and 1677?
39
Calculate the greatest common divisor of 16 and 944.
16
Calculate the highest common factor of 682 and 6.
2
Calculate the greatest common divisor of 10870 and 5.
5
What is the greatest common factor of 117 and 325?
13
What is the highest common divisor of 993 and 20522?
331
What is the highest common divisor of 14 and 16?
2
Calculate the highest common divisor of 477 and 9.
9
Calculate the greatest common divisor of 29 and 9.
1
What is the highest common divisor of 252 and 28?
28
What is the greatest common divisor of 23 and 7613?
23
What is the greatest common divisor of 288 and 1908?
36
Calculate the highest common factor of 8762 and 78.
26
Calculate the greatest common factor of 38 and 361.
19
What is the highest common divisor of 48 and 228?
12
Calculate the greatest common factor of 188 and 13066.
94
What is the greatest common factor of 8 and 392?
8
What is the greatest common divisor of 21 and 903?
21
Calculate the highest common factor of 28 and 7.
7
What is the greatest common divisor of 84 and 3444?
84
Calculate the highest common divisor of 315 and 441.
63
What is the highest common factor of 136 and 24?
8
What is the greatest common divisor of 539 and 44?
11
Calculate the greatest common divisor of 2790 and 630.
90
Calculate the greatest common factor of 666 and 12.
6
Calculate the greatest common divisor of 253 and 621.
23
Calculate the highest common divisor of 17 and 25517.
17
Calculate the highest common factor of 170 and 306.
34
Calculate the greatest common divisor of 279 and 41571.
279
Calculate the greatest common factor of 65 and 715.
65
Calculate the greatest common factor of 19 and 475.
19
What is the greatest comm